= 3*s - 3. Let z be h(-5). Let b be (4/(-6))/((-1)/z). Let g = b + 19. What is the remainder when 20 is divided by g?
6
Let d = -37 + 26. Let s = d + 31. Calculate the remainder when 39 is divided by s.
19
Suppose 0*n + 4*a + 38 = 5*n, -3*a = -9. Suppose -6 = -11*o + 10*o. Calculate the remainder when n is divided by o.
4
Suppose -14 = -2*q + 8. Let d(v) = 31*v**2 + 3*v + 4. What is the remainder when d(-1) is divided by q?
10
Let l = 4 - 1. Suppose 4*z = 3*a + 27, -5*a - 13 - 3 = l*z. What is the remainder when 9 is divided by z?
0
Suppose 0 = w + 2*w - 66. Let q = -33 + 19. Let v = -8 - q. Calculate the remainder when w is divided by v.
4
Suppose -2*i = 3*k - 69, 0 = -2*i + 3*i - 3. Let d(f) = -2*f. Calculate the remainder when k is divided by d(-4).
5
Let k(b) = 3*b**3 + 2*b. Let f be k(2). Let d be (-4)/6 + (-46)/3. Let m = f + d. Calculate the remainder when 22 is divided by m.
10
Let s be (-2)/3 - (-22)/6. Suppose 3*j + s*h - 34 = 8*h, 2*h = 3*j - 46. Calculate the remainder when j is divided by 11.
7
Suppose -5*m - 30 = -l, 0 = 2*l - 0*l - 3*m - 46. Calculate the remainder when 90 is divided by l.
10
Let r = -59 + 75. Calculate the remainder when 30 is divided by r.
14
Suppose 216 = 2*m + 4*d, 2*m + 56 - 284 = -d. Suppose m = 3*n - n. Let l = -20 - -35. What is the remainder when n is divided by l?
13
Let l(o) = -o**2 + o**3 - 2 + 2*o - 3*o**2 - 4*o. What is the remainder when 49 is divided by l(5)?
10
Suppose -5*c = c - 318. What is the remainder when c is divided by 18?
17
Suppose a = -0*a. Suppose -q + 0*q - f - 2 = 0, -5*q + 4*f + 8 = a. Suppose 5*t + 5*n - 70 = q, -2*n - n = 0. Calculate the remainder when 27 is divided by t.
13
Suppose -10 + 3 = -z. What is the remainder when (10/(-4))/(z/(-14)) is divided by 2?
1
Let s = 50 + -36. Let m = 1 - 7. Calculate the remainder when 164/s - m/21 is divided by 5.
2
Calculate the remainder when 105 is divided by (-1)/(3/(-79)) + 22/33.
24
Let k(v) = -v**2 - 56. Let h be k(0). What is the remainder when 52 is divided by (2/4)/((-2)/h)?
10
Let p = -2 + 2. Let t be p - (-3)/(3 - 2). Calculate the remainder when 1 + t/9*0 is divided by 1.
0
What is the remainder when 11 is divided by 2/((-1)/(0 + -1))?
1
Suppose -40 = -2*b - 2*b - 4*q, 3*q = 5*b - 58. Suppose 11 = 3*v - l, 2*l = -v + 7*l + 27. What is the remainder when b is divided by 11/v - 2/(-4)?
5
Let v = 17 + -9. Let l(p) = -p**3 + 9*p**2 - 7*p - 8. Let h be l(v). Suppose 5*j + h*j - 35 = 0. What is the remainder when 20 is divided by j?
6
Let i = 0 + 4. Let x(p) = 1. Let v(s) = s**2 + 3*s + 4. Let z(y) = v(y) - 3*x(y). What is the remainder when z(i) is divided by 8?
5
Let n = 1 - 0. Suppose -5*r = 2*q - 21, -12 = -q + r - 4*r. Suppose -q + 1 = -2*w. Calculate the remainder when n is divided by w.
0
Suppose -2*i - 11 = -3*h - 2, 0 = -3*i - 2*h + 19. Suppose -i*o = -6*o + 78. Suppose o - 6 = 5*p. What is the remainder when 15 is divided by p?
3
Suppose 0 = 5*x - 3*v - 44, 10 = 5*x - 4*v - 32. Let c(y) = 3*y**2 - 1. Let g be c(-1). What is the remainder when 9*g*1/1 is divided by x?
8
Let c be 7 + (0 + 1)*-3. Suppose l = c - 1. Suppose -p - 4*u + l = 0, -5*p + 51 = -u + 3*u. What is the remainder when 31 is divided by p?
9
Suppose 0 = 4*m + 17 - 125. What is the remainder when m is divided by 10?
7
Suppose -3*q - 4*h + 20 = -q, 0 = -2*q - 3*h + 16. Suppose -3*g + 0*g = 3*d - 72, q*d - 50 = -3*g. What is the remainder when d is divided by 8?
6
Let a(w) = -2*w + 46. Suppose -2*u = 2*u. Let h = 37 + -21. What is the remainder when a(u) is divided by h?
14
Suppose 20 = -5*q + 5*x, 4*x + 1 + 4 = -3*q. Let n(b) = -10*b + 3. Calculate the remainder when n(q) is divided by 9.
6
Suppose 0 = -2*r + 5*i - 19 - 158, -5*r + 2*i - 474 = 0. Let l = r + 141. Calculate the remainder when l is divided by 12.
9
Let x(u) = 2*u**2 + 2*u + 5. Calculate the remainder when x(-6) is divided by 22.
21
Let f(w) = -2*w + 3. Let a(o) = o**2 + o - 2. What is the remainder when f(-4) is divided by a(2)?
3
Let y(l) = -l**3 - 4*l**2 - 4*l + 4. Let z(u) = 4*u**2 - 2*u - 4. What is the remainder when z(-3) is divided by y(-4)?
18
Let n = 7 - -11. Calculate the remainder when 33 is divided by n.
15
Suppose 746 = -q + 5*q + 3*r, -4*q + 5*r + 730 = 0. What is the remainder when q is divided by 31?
30
Let l(r) = r**3 - 2*r**2 - 4*r - 3. What is the remainder when (418/18)/1 + (-4)/18 is divided by l(4)?
10
Suppose -8*i + 25 = -3*i. Suppose -q = 3*f - 29, 4*f = -i*q + 67 - 21. Let s = -27 - -43. Calculate the remainder when s is divided by f.
7
Let y = 99 + -60. Suppose j = -j + 40. Calculate the remainder when y is divided by j.
19
Suppose 0 = s - 8 - 0. Let c be 8/28 + (-38)/(-14). Let w = 34 - c. What is the remainder when w is divided by s?
7
Calculate the remainder when 16 is divided by (-14)/6*(-5)/(30/18).
2
Suppose 2*d + 2 - 12 = 0. Let a(f) = 9*f**3 + f**2 - 1. Let k be a(1). Let h = k + -6. Calculate the remainder when d is divided by h.
2
Let g = 1 + -1. Suppose -1 + g = i. Let p(k) = 2*k**2. What is the remainder when 5 is divided by p(i)?
1
Suppose 2*p - 408 = -2*p. Suppose 3*j - p = -0*j. What is the remainder when j is divided by 18?
16
Let u be -1 + 3/(-2)*-54. Suppose 6*t - t - u = 0. Calculate the remainder when 46 is divided by t.
14
Suppose -2*m + 3*m - 10 = 0. Let c = m + 9. Let r = 19 - 12. What is the remainder when c is divided by r?
5
Let c(f) = -f**2 - 7*f - 2. Let q be c(-6). Let z = q - 0. Suppose 112 = z*u - 0*u. Calculate the remainder when u is divided by 15.
13
Suppose -3*a = -4*a + 15. Suppose 2*q - 3*q = -a. What is the remainder when (1*56/(-3))/(30/(-45)) is divided by q?
13
What is the remainder when 17 is divided by 3/(9/15) + 1?
5
Let v be (-8)/(-10)*(-10)/(-4). Suppose -7 = -a - v*b - 1, -4*a + 31 = b. Calculate the remainder when 596/28 + (1 - 9/7) is divided by a.
5
Let v(u) = 2*u + 6. Let w be v(-10). Let z = 34 - w. What is the remainder when z is divided by 17?
14
Let s(y) be the third derivative of y**6/120 + 7*y**5/60 + y**4/8 + y**3/6 - y**2. What is the remainder when s(-6) is divided by 10?
9
Let m = 25 + -12. Calculate the remainder when m is divided by 8.
5
Let r be (1/3)/(6/36). Suppose -a + 24 = f + r*f, 3*f + 3*a = 30. What is the remainder when 12 is divided by f?
5
Let l(d) be the second derivative of -5*d**3/2 - d**2/2 - 2*d. Calculate the remainder when 40 is divided by l(-1).
12
Let a = 8 - 11. Let o = 10 + a. Calculate the remainder when o is divided by 5.
2
Let p be (-10)/40 - (-17)/4. Suppose -p*t + 4*k = -184, -3*t + 4*t - 43 = 4*k. Calculate the remainder when t is divided by 16/(-6)*(-6 - 0).
15
Suppose 18 = 5*w - 57. Let i = 267 - 208. Calculate the remainder when i is divided by w.
14
Suppose 4*c + 25 = 4*r + 3*c, -4*r - 5 = 5*c. Calculate the remainder when r is divided by 2.
1
Let w(s) = 6*s - 7. Suppose 2*m = -17 + 41. What is the remainder when w(5) is divided by m?
11
Suppose -5*a = 0, 5*h + a + 44 = 9*h. Calculate the remainder when 76 is divided by h.
10
Let f be ((-10)/6)/(7/(-21)). Suppose g = f*g - 8. What is the remainder when 7 is divided by g?
1
Let b = -3 - -26. Calculate the remainder when b is divided by 8.
7
Suppose 2*g - 1 = 4*t - 3*g, 2*t + 3*g - 5 = 0. Calculate the remainder when (-91)/(-39)*(t - -2) is divided by 4.
3
Suppose -4*z + 3*z + 72 = 0. Calculate the remainder when z is divided by 16.
8
Suppose 0 = l - 18 + 11. Calculate the remainder when 13 is divided by l.
6
Let s(a) = -a**3 + 7*a**2 + a + 4. Suppose y + 4*y - 85 = 0. Suppose -15 - y = -2*q. Calculate the remainder when s(6) is divided by q.
14
Suppose -90 = -3*v + 102. Suppose -4*z + 0*z + v = 0. Calculate the remainder when 63 is divided by z.
15
Let r(o) = -11*o**3 - o**2 - o - 2. Calculate the remainder when r(-2) is divided by 29.
26
Suppose 0 = -5*m - 17 + 7. Let s(g) = 5*g**2 + 1. Calculate the remainder when s(m) is divided by (-4)/(-2) + 6 + 3.
10
Suppose 4*h = 108 - 40. Suppose -h - 5 = -2*v. Suppose -j = -4*j + 18. What is the remainder when v is divided by j?
5
Let q(z) = -z**2. Let f(l) = 5*l**3 + 4*l**2 - 2. Let v(b) = -f(b) - 3*q(b). Calculate the remainder when v(-2) is divided by 13.
12
Let v = 5 - 6. Let q = v - -3. Let j(f) = -f**3 - 6*f**2 + 4. Calculate the remainder when j(-6) is divided by q.
0
Let h